t is -4525 (base 16) in base 3?
-220021121
What is -132140344 (base 6) in base 12?
-a676b4
What is 3386431 (base 11) in base 4?
112212022030
Convert -2076cbc (base 13) to base 11.
-5630727
1666572 (base 8) to base 12
1b584a
Convert 225405 (base 8) to base 2.
10010101100000101
-112122121210012 (base 3) to base 16
-76d20d
3634403 (base 13) to base 2
1000000000110011000000111
Convert -14b0a3 (base 15) to base 10.
-999153
What is -30bbb (base 12) in base 13?
-23141
Convert -103214133 (base 5) to base 12.
-195586
Convert -3100031110 (base 4) to base 15.
-11ca4a
Convert -12012000202 (base 3) to base 2.
-11000111011000000
What is 843723 (base 10) in base 12?
348323
415035245 (base 6) to base 15
97e34e
Convert -57476066 (base 8) to base 4.
-233213300312
Convert 4445399 (base 10) to base 13.
bc851a
What is -135510261 (base 7) in base 13?
-1acc850
-168e7 (base 15) to base 6
-1321244
Convert 3313450 (base 12) to base 13.
20292ba
What is -608683 (base 13) in base 10?
-2246455
What is 44aa7a (base 12) in base 7?
12216334
83303 (base 12) to base 9
281233
Convert c89e0 (base 15) to base 11.
3a5430
What is 1330303 (base 6) in base 15?
16dc3
Convert 3113545 (base 6) to base 10.
149897
Convert -2ab88 (base 16) to base 15.
-36ca9
Convert 3044d (base 14) to base 2.
11100010110000101
What is 51456 (base 13) in base 8?
434525
Convert 6366248 (base 9) to base 16.
34074b
-2232203232 (base 4) to base 11
-449201
Convert -17851184 (base 9) to base 11.
-50a3777
71732 (base 12) to base 15
2dc6b
4aa238 (base 14) to base 9
4736213
What is -2ab66 (base 14) in base 6?
-2141050
What is -cc75 (base 15) in base 14?
-11ad8
b7d8e (base 16) to base 5
143044123
Convert -2002100 (base 4) to base 13.
-3a43
What is -3681353 (base 10) in base 7?
-43201544
Convert 398431 (base 10) to base 15.
7d0c1
What is 1020201000200 (base 3) in base 13?
1a2c65
63535 (base 11) to base 7
533425
Convert -2544550 (base 8) to base 4.
-2230211220
44070 (base 11) to base 14
1944d
What is -144433412 (base 5) in base 14?
-16460a
Convert 199b65 (base 13) to base 4.
2132231021
Convert -1bb190 (base 12) to base 10.
-496188
Convert -2663502 (base 10) to base 7.
-31432212
-1cb27 (base 14) to base 9
-121775
What is -1a11ad (base 15) in base 13?
-355a23
Convert -113664 (base 9) to base 5.
-4141331
-2110132212 (base 4) to base 9
-1126220
Convert -69177 (base 10) to base 16.
-10e39
What is 112411110 (base 6) in base 4?
13331022102
100111001101111101011 (base 2) to base 11
7a8572
Convert -1424202 (base 8) to base 4.
-1202202002
Convert -14ba196 (base 12) to base 7.
-50633313
What is 1010001000100110000010 (base 2) in base 6?
132535134
386540 (base 9) to base 3
102220121100
What is 243220 (base 6) in base 4?
11033130
Convert 111101001111000101110 (base 2) to base 8.
7517056
What is -1522655 (base 7) in base 3?
-101112122102
26167 (base 12) to base 16
cb5f
Convert 79883 (base 16) to base 10.
497795
168b9c (base 14) to base 3
1111021012022
Convert -1101112121112 (base 3) to base 15.
-e8e18
-11020221120 (base 3) to base 7
-466206
Convert -10100111001010000101 (base 2) to base 4.
-2213022011
-1111000111001000110 (base 2) to base 10
-495174
880480 (base 10) to base 2
11010110111101100000
Convert 32444000 (base 5) to base 13.
9ac60
10525554 (base 6) to base 14
85862
What is -197150 (base 12) in base 9?
-752176
-482268 (base 10) to base 12
-1b3110
What is -1e75b (base 15) in base 16?
-184d0
Convert -2016196 (base 10) to base 15.
-29c5d1
21a46 (base 14) to base 11
56340
2714222 (base 8) to base 14
15ad46
Convert 26002330 (base 8) to base 7.
100013342
-564150 (base 9) to base 12
-143499
Convert 1002122021212 (base 3) to base 8.
2163364
What is -574162 (base 8) in base 15?
-3ca34
-871345 (base 9) to base 13
-1524c8
Convert -8678b (base 13) to base 12.
-b8734
Convert -cfa7 (base 16) to base 8.
-147647
What is 94c5b (base 13) in base 6?
5424245
Convert 45b24 (base 13) to base 9.
213332
What is 1221212302 (base 4) in base 15?
88277
Convert -12050133 (base 6) to base 13.
-103b33
-330256 (base 16) to base 13
-90078a
216465 (base 7) to base 2
1001010110101100
What is -131223110 (base 4) in base 3?
-20011202002
-b50ac (base 13) to base 15
-665b8
Convert 40430303 (base 5) to base 8.
1176451
What is 15045 (base 15) in base 12?
33125
Convert -20011111122 (base 3) to base 11.
-83218
Convert 1123122220 (base 4) to base 7.
3116443
What is -427227 (base 9) in base 4?
-332022100
Convert 11154651 (base 7) to base 4.
3231032322
-267223 (base 14) to base 11
-826090
What is -20c647 (base 13) in base 5?
-144120043
What is 10101111100011010000 (base 2) in base 3?
1100112100201
What is 10101101100110010001 (base 2) in base 5?
140223212
-20810 (base 15) to base 4
-121022121
What is -22111220211020 (base 3) in base 10?
-4525503
Convert -23211342 (base 7) to base 4.
-13301031120
What is c4104 (base 15) in base 12?
25b611
Convert -211010123 (base 4) to base 5.
-14324320
Convert -37c68 (base 13) to base 15.
-20886
205141130 (base 6) to base 15
4b357c
-40115062 (base 7) to base 11
-1964793
Convert -5120450 (base 7) to base 10.
-610085
163691 (base 10) to base 12
7a88b
-31552205 (base 6) to base 2
-11100011100111101101
Convert -cb403 (base 14) to base 16.
-781bb
Convert 95fd3 (base 16) to base 9.
1135656
5c10a2 (base 16) to base 3
102100112111120
188245 (base 9) to base 15
24c82
129933 (base 12) to base 7
2416413
Convert 2775a9 (base 12) to base 4.
2200012101
Convert 649d19 (base 16) to base 4.
121021310121
Convert -45a8b (base 15) to base 13.
-79c22
What is 187345 (base 12) in base 14?
b1a17
Convert 9885097 (base 10) to base 9.
20535721
Convert -4406b31 (base 12) to base 2.
-110001011001111011010101
-33323211000 (base 4) to base 6
-225302120
What is 113a383 (base 11) in base 9?
3663153
-312410311 (base 5) to base 15
-1a8821
471384 (base 14) to base 11
1405a24
Convert 130229 (base 10) to base 12.
63445
Convert 1211011031 (base 4) to base 16.
6514d
11000011111000001001100 (base 2) to base 6
345323152
Convert 17784 (base 15) to base 8.
224255
1010100010110000111 (base 2) to base 10
345479
Convert 261610 (base 9) to base 6.
3222400
Convert -1018703 (base 9) to base 6.
-15400220
-2131032303 (base 4) to base 13
-19719c
Convert 2950c8 (base 13) to base 7.
11406615
Convert -1010132030 (base 4) to base 5.
-32433320
What is -31013434 (base 5) in base 10?
-251119
-2011300433 (base 5) to base 4
-33102320111
What is -1133133220 (base 5) in base 7?
-31233623
-111010010022 (base 3) to base 2
-111111000001101011
10001110010101101 (base 2) to base 8
216255
Convert 12424434 (base 5) to base 2.
11110001101100000
What is 120320312 (base 4) in base 5?
11230232
-202200020 (base 4) to base 5
-14010240
-2a9ced (base 15) to base 16
-1f683a
Convert -4163bc (base 13) to base 16.
-174f19
What is 21828 (base 10) in base 2?
101010101000100
Convert 1234151 (base 7) to base 9.
263332
What is 504170 (base 12) in base 10?
1251300
Convert 3107696 (base 10) to base 5.
1243421241
What is 39523 (base 11) in base 16?
dcd4
What is -7201303 (base 8) in base 2?
-111010000001011000011
What is -1011101111011110110011 (base 2) in base 16?
-2ef7b3
Convert -1832b3 (base 15) to base 16.
-11ee4e
What is -110001011011000101100100 (base 2) in base 3?
-220101020022000
Convert -1daf2f (base 16) to base 9.
-3584515
Convert 55322655 (base 7) to base 6.
250023123
-10111011110001000 (base 2) to base 13
-349b1
What is 6482221 (base 9) in base 5?
1342311334
Convert 102102210112 (base 3) to base 9.
372715
Convert -241c51 (base 14) to base 2.
-100101101011000101111
-337628 (base 10) to base 3
-122011010202
-d655 (base 14) to base 10
-36923
23152425 (base 9) to base 11
6397267
Convert -3aa0135 (base 13) to base 9.
-37684602
What is 20120101011 (base 3) in base 8?
374433
Convert 120750 (base 11) to base 14.
4d999
-114032000 (base 5) to base 2
-10000010001101111111
What is 111111110111001101 (base 2) in base 4?
333313031
-295a46 (base 11) to base 6
-13521522
Convert 102323311210 (base 4) to base 15.
680ac4
-b0221d (base 14) to base 16
-5a5cb3
What is 200476 (base 12) in base 2?
1111001101010011010
Convert 110010001100100010 (base 2) to base 7.
1514265
130913 (base 11) to base 4
302103331
Convert -64a21 (base 11) to base 4.
-113003003
Convert 4204101 (base 6) to base 5.
22444302
52454 (base 10) to base 6
1042502
Con